{"version":"1.0","provider_name":"Carewell SEIU 503","provider_url":"https:\/\/www.carewellseiu503.org\/es\/","author_name":"Jean Sung","author_url":"https:\/\/www.carewellseiu503.org\/es\/author\/jean-rise\/","title":"Carewell\u00a0SEIU\u00a0503 lanza la nueva asistencia con los costos de atenci\u00f3n m\u00e9dica para beneficios relacionados con militares - Carewell SEIU 503","type":"rich","width":600,"height":338,"html":"<blockquote class=\"wp-embedded-content\" data-secret=\"CTqNEkpRr9\"><a href=\"https:\/\/www.carewellseiu503.org\/es\/newmilitaryhcabenefit\/\">Carewell\u00a0SEIU\u00a0503 lanza la nueva asistencia con los costos de atenci\u00f3n m\u00e9dica para beneficios relacionados con militares<\/a><\/blockquote><iframe sandbox=\"allow-scripts\" security=\"restricted\" src=\"https:\/\/www.carewellseiu503.org\/es\/newmilitaryhcabenefit\/embed\/#?secret=CTqNEkpRr9\" width=\"600\" height=\"338\" title=\"\u00abCarewell\u00a0SEIU\u00a0503 lanza la nueva asistencia con los costos de atenci\u00f3n m\u00e9dica para beneficios relacionados con militares\u00bb \u2014 Carewell SEIU 503\" data-secret=\"CTqNEkpRr9\" frameborder=\"0\" marginwidth=\"0\" marginheight=\"0\" scrolling=\"no\" class=\"wp-embedded-content\"><\/iframe><script type=\"text\/javascript\">\n\/* <![CDATA[ *\/\n\/*! This file is auto-generated *\/\n!function(d,l){\"use strict\";l.querySelector&&d.addEventListener&&\"undefined\"!=typeof URL&&(d.wp=d.wp||{},d.wp.receiveEmbedMessage||(d.wp.receiveEmbedMessage=function(e){var t=e.data;if((t||t.secret||t.message||t.value)&&!\/[^a-zA-Z0-9]\/.test(t.secret)){for(var s,r,n,a=l.querySelectorAll('iframe[data-secret=\"'+t.secret+'\"]'),o=l.querySelectorAll('blockquote[data-secret=\"'+t.secret+'\"]'),c=new RegExp(\"^https?:$\",\"i\"),i=0;i<o.length;i++)o[i].style.display=\"none\";for(i=0;i<a.length;i++)s=a[i],e.source===s.contentWindow&&(s.removeAttribute(\"style\"),\"height\"===t.message?(1e3<(r=parseInt(t.value,10))?r=1e3:~~r<200&&(r=200),s.height=r):\"link\"===t.message&&(r=new URL(s.getAttribute(\"src\")),n=new URL(t.value),c.test(n.protocol))&&n.host===r.host&&l.activeElement===s&&(d.top.location.href=t.value))}},d.addEventListener(\"message\",d.wp.receiveEmbedMessage,!1),l.addEventListener(\"DOMContentLoaded\",function(){for(var e,t,s=l.querySelectorAll(\"iframe.wp-embedded-content\"),r=0;r<s.length;r++)(t=(e=s[r]).getAttribute(\"data-secret\"))||(t=Math.random().toString(36).substring(2,12),e.src+=\"#?secret=\"+t,e.setAttribute(\"data-secret\",t)),e.contentWindow.postMessage({message:\"ready\",secret:t},\"*\")},!1)))}(window,document);\n\/\/# sourceURL=https:\/\/www.carewellseiu503.org\/wp-includes\/js\/wp-embed.min.js\n\/* ]]> *\/\n<\/script>\n","thumbnail_url":"https:\/\/www.carewellseiu503.org\/wp-content\/uploads\/mainpreview.jpg","thumbnail_width":1500,"thumbnail_height":788,"description":"El Consejo Directivo del Fideicomiso Complementario para Trabajadores de Atenci\u00f3n Domiciliaria de Oreg\u00f3n se complace en compartir una importante actualizaci\u00f3n relativa al beneficio de los gastos por cuenta propia del programa de asistencia con los costos de atenci\u00f3n m\u00e9dica destinado a veteranos(as) inscritos(as) en la Administraci\u00f3n de Veteranos (por su sigla en ingl\u00e9s VA), CHAMPVA o TRICARE. Este cambio entr\u00f3 en vigor el 1.\u00ba de enero del 2026."}

Carewell SEIU 503 lanza la nueva asistencia con los costos de atención médica para beneficios relacionados con militares - Carewell SEIU 503

<blockquote class="wp-embedded-content" data-secret="CTqNEkpRr9"><a href="https://www.carewellseiu503.org/es/newmilitaryhcabenefit/">Carewell SEIU 503 lanza la nueva asistencia con los costos de atención médica para beneficios relacionados con militares</a></blockquote><iframe sandbox="allow-scripts" security="restricted" src="https://www.carewellseiu503.org/es/newmilitaryhcabenefit/embed/#?secret=CTqNEkpRr9" width="600" height="338" title="«Carewell SEIU 503 lanza la nueva asistencia con los costos de atención médica para beneficios relacionados con militares» — Carewell SEIU 503" data-secret="CTqNEkpRr9" frameborder="0" marginwidth="0" marginheight="0" scrolling="no" class="wp-embedded-content"></iframe><script type="text/javascript">
/* <![CDATA[ */
/*! This file is auto-generated */
!function(d,l){"use strict";l.querySelector&&d.addEventListener&&"undefined"!=typeof URL&&(d.wp=d.wp||{},d.wp.receiveEmbedMessage||(d.wp.receiveEmbedMessage=function(e){var t=e.data;if((t||t.secret||t.message||t.value)&&!/[^a-zA-Z0-9]/.test(t.secret)){for(var s,r,n,a=l.querySelectorAll('iframe[data-secret="'+t.secret+'"]'),o=l.querySelectorAll('blockquote[data-secret="'+t.secret+'"]'),c=new RegExp("^https?:$","i"),i=0;i<o.length;i++)o[i].style.display="none";for(i=0;i<a.length;i++)s=a[i],e.source===s.contentWindow&&(s.removeAttribute("style"),"height"===t.message?(1e3<(r=parseInt(t.value,10))?r=1e3:~~r<200&&(r=200),s.height=r):"link"===t.message&&(r=new URL(s.getAttribute("src")),n=new URL(t.value),c.test(n.protocol))&&n.host===r.host&&l.activeElement===s&&(d.top.location.href=t.value))}},d.addEventListener("message",d.wp.receiveEmbedMessage,!1),l.addEventListener("DOMContentLoaded",function(){for(var e,t,s=l.querySelectorAll("iframe.wp-embedded-content"),r=0;r<s.length;r++)(t=(e=s[r]).getAttribute("data-secret"))||(t=Math.random().toString(36).substring(2,12),e.src+="#?secret="+t,e.setAttribute("data-secret",t)),e.contentWindow.postMessage({message:"ready",secret:t},"*")},!1)))}(window,document);
//# sourceURL=https://www.carewellseiu503.org/wp-includes/js/wp-embed.min.js
/* ]]> */
</script>

El Consejo Directivo del Fideicomiso Complementario para Trabajadores de Atención Domiciliaria de Oregón se complace en compartir una importante actualización relativa al beneficio de los gastos por cuenta propia del programa de asistencia con los costos de atención médica destinado a veteranos(as) inscritos(as) en la Administración de Veteranos (por su sigla en inglés VA), CHAMPVA o TRICARE. Este cambio entró en vigor el 1.º de enero del 2026.
